en millions digit of 347040469?
4
What is the ten millions digit of 1168389916?
6
What is the units digit of 568350262?
2
What is the tens digit of 90296417?
1
What is the ten millions digit of 349097223?
4
What is the millions digit of 69284750?
9
What is the units digit of 1361036758?
8
What is the thousands digit of 540148993?
8
What is the hundred thousands digit of 890503352?
5
What is the tens digit of 2047644791?
9
What is the tens digit of 21713480?
8
What is the hundreds digit of 89324867?
8
What is the ten millions digit of 260640494?
6
What is the millions digit of 2954378439?
4
What is the tens digit of 745014744?
4
What is the tens digit of 4266749730?
3
What is the tens digit of 5465629688?
8
What is the hundred thousands digit of 1632630609?
6
What is the millions digit of 765899395?
5
What is the millions digit of 200366033?
0
What is the units digit of 479889816?
6
What is the thousands digit of 16592089?
2
What is the thousands digit of 52668848?
8
What is the millions digit of 16616975?
6
What is the hundreds digit of 703004516?
5
What is the hundreds digit of 93331135?
1
What is the hundred millions digit of 780782412?
7
What is the units digit of 97060802?
2
What is the thousands digit of 23028302?
8
What is the millions digit of 1178097876?
8
What is the millions digit of 44841136?
4
What is the ten millions digit of 334357591?
3
What is the ten thousands digit of 26709373?
0
What is the millions digit of 79459225?
9
What is the tens digit of 684531055?
5
What is the thousands digit of 99121999?
1
What is the ten millions digit of 36715690?
3
What is the hundred thousands digit of 107030140?
0
What is the tens digit of 20037870?
7
What is the hundred millions digit of 109780473?
1
What is the hundred thousands digit of 462623048?
6
What is the ten thousands digit of 552300504?
0
What is the hundred thousands digit of 533512037?
5
What is the ten millions digit of 2737103631?
3
What is the hundreds digit of 5435605547?
5
What is the billions digit of 6464565289?
6
What is the thousands digit of 41551104?
1
What is the hundred millions digit of 1646762755?
6
What is the millions digit of 2410393?
2
What is the hundred thousands digit of 55460996?
4
What is the ten thousands digit of 340311487?
1
What is the ten millions digit of 198580637?
9
What is the tens digit of 63887614?
1
What is the ten millions digit of 26929254?
2
What is the ten millions digit of 413906532?
1
What is the thousands digit of 133621810?
1
What is the hundreds digit of 6300431642?
6
What is the hundreds digit of 35278307?
3
What is the tens digit of 11174823?
2
What is the millions digit of 974021791?
4
What is the hundreds digit of 391815547?
5
What is the hundred thousands digit of 290370608?
3
What is the ten millions digit of 33199610?
3
What is the hundreds digit of 284072832?
8
What is the hundreds digit of 3368194?
1
What is the hundred thousands digit of 41295219?
2
What is the ten millions digit of 42637726?
4
What is the thousands digit of 1473126513?
6
What is the units digit of 422539415?
5
What is the hundred thousands digit of 961287694?
2
What is the tens digit of 245294118?
1
What is the hundred millions digit of 2174159466?
1
What is the units digit of 24864704?
4
What is the tens digit of 1536871501?
0
What is the ten millions digit of 1092793808?
9
What is the thousands digit of 3025936118?
6
What is the tens digit of 326387638?
3
What is the ten thousands digit of 808991470?
9
What is the ten millions digit of 185246703?
8
What is the thousands digit of 4459541202?
1
What is the ten millions digit of 46350104?
4
What is the millions digit of 73106996?
3
What is the millions digit of 7918701902?
8
What is the ten millions digit of 5596902953?
9
What is the millions digit of 441231789?
1
What is the hundreds digit of 1005910816?
8
What is the hundred thousands digit of 2459468?
4
What is the millions digit of 151480657?
1
What is the ten thousands digit of 58728290?
2
What is the millions digit of 1211143?
1
What is the units digit of 5292551581?
1
What is the hundreds digit of 146244915?
9
What is the hundred thousands digit of 712051580?
0
What is the ten millions digit of 82649369?
8
What is the hundred thousands digit of 741362702?
3
What is the billions digit of 1611038045?
1
What is the ten millions digit of 338305074?
3
What is the millions digit of 155081320?
5
What is the thousands digit of 354597928?
7
What is the millions digit of 54604258?
4
What is the hundreds digit of 3261137215?
2
What is the thousands digit of 58781209?
1
What is the tens digit of 229333877?
7
What is the units digit of 46659490?
0
What is the hundreds digit of 27133205?
2
What is the hundred millions digit of 168171404?
1
What is the tens digit of 42983679?
7
What is the ten millions digit of 80484804?
8
What is the hundred thousands digit of 672121059?
1
What is the units digit of 141574264?
4
What is the thousands digit of 1256483894?
3
What is the billions digit of 2867698742?
2
What is the hundred thousands digit of 330105964?
1
What is the hundred thousands digit of 714320847?
3
What is the units digit of 700996174?
4
What is the units digit of 477364403?
3
What is the billions digit of 1189673693?
1
What is the hundreds digit of 1226212972?
9
What is the units digit of 3823713508?
8
What is the hundred thousands digit of 289425417?
4
What is the hundred thousands digit of 57093678?
0
What is the ten millions digit of 129203047?
2
What is the hundred millions digit of 156051239?
1
What is the thousands digit of 169940513?
0
What is the ten millions digit of 6980465476?
8
What is the hundreds digit of 175155050?
0
What is the tens digit of 613661445?
4
What is the tens digit of 24316500?
0
What is the hundred millions digit of 416156032?
4
What is the hundred thousands digit of 140171599?
1
What is the tens digit of 76475692?
9
What is the hundreds digit of 1138624026?
0
What is the hundreds digit of 27159566?
5
What is the ten millions digit of 52461572?
5
What is the hundreds digit of 74599619?
6
What is the tens digit of 1782128986?
8
What is the thousands digit of 3418187433?
7
What is the millions digit of 716470485?
6
What is the units digit of 376962057?
7
What is the units digit of 4159318?
8
What is the units digit of 98992855?
5
What is the ten millions digit of 4693985391?
9
What is the tens digit of 58828975?
7
What is the hundreds digit of 2256399?
3
What is the thousands digit of 5927878006?
8
What is the billions digit of 1432837323?
1
What is the millions digit of 135296899?
5
What is the ten thousands digit of 123448184?
4
What is the millions digit of 2962514632?
2
What is the millions digit of 2676361323?
6
What is the hundred millions digit of 1430333394?
4
What is the ten millions digit of 165519750?
6
What is the thousands digit of 47826879?
6
What is the tens digit of 2017336?
3
What is the millions digit of 58595083?
8
What is the units digit of 308290539?
9
What is the ten thousands digit of 1278183366?
8
What is the millions digit of 47718730?
7
What is the billions digit of 5813008702?
5
What is the thousands digit of 92141734?
1
What is the ten millions digit of 4929738947?
2
What is the thousands digit of 1662218730?
8
What is the hundred thousands digit of 33798761?
7
What is the hundred millions digit of 178777454?
1
What is the ten millions digit of 206326164?
0
What is the units digit of 826937566?
6
What is the ten thousands digit of 2091261096?
6
What is the hundred thousands digit of 243728451?
7
What is the hundred millions digit of 110709428?
1
What is the ten millions digit of 266647450?
6
What is the tens digit of 146920249?
4
What is the hundred millions digit of 113015194?
1
What is the hundred thousands digit of 185217604?
2
What is the thousands digit of 2986884072?
4
What is the ten thousands digit of 69701494?
0
What is the hundred thousands digit of 69430796?
4
What is the millions digit of 8097114?
8
What is the ten thousands digit of 435081410?
8
What is the hundred millions digit of 6923566782?
9
What is the millions digit of 41638918?
1
What is the hundred millions digit of 1206779725?
2
What is the hundred thousands digit of 900334670?
3
What is the millions digit of 15830817?
5
What is t